4.
0
21 (base 13) to base 7
36
1 (base 16) to base 13
1
2014 (base 6) to base 2
110111010
What is -313 (base 5) in base 11?
-76
What is 46 (base 11) in base 7?
101
Convert -2 (base 14) to base 6.
-2
What is 441 (base 5) in base 10?
121
What is -4 (base 14) in base 16?
-4
Convert -1 (base 10) to base 9.
-1
Convert 5 (base 12) to base 13.
5
12 (base 4) to base 16
6
What is -357 (base 10) in base 4?
-11211
Convert 2 (base 14) to base 4.
2
Convert 1000010 (base 2) to base 15.
46
Convert -435 (base 6) to base 12.
-11b
What is -116 (base 13) in base 7?
-356
Convert 6 (base 15) to base 10.
6
-10010 (base 2) to base 10
-18
Convert 2e (base 16) to base 9.
51
10a (base 11) to base 13
a1
Convert -33 (base 7) to base 13.
-1b
Convert -48 (base 13) to base 10.
-60
0 (base 13) to base 4
0
1 (base 8) to base 6
1
-1 (base 12) to base 5
-1
What is 45 (base 10) in base 8?
55
Convert 142 (base 9) to base 3.
11102
Convert 1 (base 8) to base 3.
1
111 (base 10) to base 8
157
What is -1 (base 15) in base 14?
-1
What is 0 (base 5) in base 14?
0
20 (base 10) to base 4
110
What is -2 (base 4) in base 11?
-2
-2 (base 16) to base 9
-2
What is 8 (base 12) in base 11?
8
What is -4 (base 15) in base 4?
-10
What is -20 (base 4) in base 8?
-10
Convert -4 (base 12) to base 14.
-4
-7 (base 13) to base 15
-7
Convert 1 (base 16) to base 11.
1
0 (base 2) to base 6
0
What is -163 (base 9) in base 13?
-a8
-3 (base 7) to base 10
-3
What is -3 (base 5) in base 15?
-3
0 (base 15) to base 11
0
Convert -8 (base 13) to base 5.
-13
What is 3 (base 5) in base 13?
3
3 (base 14) to base 8
3
What is 1011 (base 2) in base 15?
b
4 (base 15) to base 10
4
What is -7 (base 12) in base 4?
-13
What is c (base 15) in base 13?
c
What is 1 (base 9) in base 16?
1
Convert -121 (base 16) to base 2.
-100100001
-6 (base 10) to base 12
-6
4 (base 9) to base 14
4
Convert 4 (base 12) to base 6.
4
Convert -10 (base 9) to base 15.
-9
3 (base 13) to base 16
3
What is -144 (base 5) in base 13?
-3a
What is -7d (base 16) in base 11?
-104
What is 0 (base 11) in base 14?
0
What is -62 (base 8) in base 15?
-35
What is 17 (base 10) in base 4?
101
What is 189 (base 11) in base 10?
218
Convert -1010100 (base 2) to base 8.
-124
What is 14 (base 9) in base 10?
13
-6 (base 7) to base 16
-6
Convert -3 (base 6) to base 2.
-11
What is 220 (base 3) in base 9?
26
What is 3 (base 6) in base 14?
3
Convert -6 (base 11) to base 4.
-12
Convert -1 (base 8) to base 10.
-1
What is 1 (base 12) in base 11?
1
Convert 35 (base 10) to base 13.
29
Convert -53 (base 7) to base 10.
-38
Convert -43 (base 8) to base 6.
-55
Convert 267 (base 8) to base 15.
c3
Convert -4 (base 11) to base 2.
-100
What is 11 (base 2) in base 10?
3
Convert 0 (base 12) to base 14.
0
111010 (base 2) to base 16
3a
Convert 6 (base 15) to base 9.
6
Convert 0 (base 3) to base 2.
0
-1113 (base 4) to base 8
-127
Convert 10101000 (base 2) to base 9.
206
Convert 1023 (base 5) to base 16.
8a
What is -245 (base 6) in base 11?
-92
-1 (base 5) to base 7
-1
14 (base 9) to base 11
12
Convert -2 (base 9) to base 11.
-2
-2 (base 6) to base 2
-10
What is 0 (base 9) in base 5?
0
72 (base 11) to base 16
4f
What is -30 (base 8) in base 4?
-120
-88 (base 10) to base 9
-107
-72 (base 8) to base 10
-58
10000 (base 2) to base 11
15
104 (base 5) to base 10
29
-23 (base 6) to base 12
-13
-35 (base 7) to base 13
-20
Convert 11 (base 2) to base 6.
3
What is 1 (base 10) in base 2?
1
What is -1110 (base 2) in base 13?
-11
What is -39 (base 10) in base 5?
-124
-4 (base 7) to base 10
-4
-1 (base 10) to base 9
-1
Convert 10001 (base 2) to base 4.
101
2 (base 14) to base 8
2
What is 41 (base 10) in base 3?
1112
-22 (base 6) to base 3
-112
What is 21 (base 3) in base 10?
7
What is 1 (base 2) in base 12?
1
Convert -13 (base 4) to base 6.
-11
What is -3 (base 14) in base 7?
-3
What is -5a (base 16) in base 8?
-132
-90 (base 14) to base 10
-126
-95 (base 15) to base 5
-1030
Convert -111100 (base 2) to base 5.
-220
What is 3 (base 11) in base 6?
3
Convert -100010 (base 3) to base 6.
-1050
Convert -11 (base 10) to base 7.
-14
Convert 11 (base 5) to base 15.
6
Convert -101 (base 5) to base 9.
-28
Convert 2020 (base 3) to base 16.
3c
Convert 28 (base 13) to base 10.
34
Convert 31 (base 15) to base 7.
64
Convert 18 (base 9) to base 3.
122
Convert 60 (base 16) to base 13.
75
Convert -2 (base 3) to base 10.
-2
15 (base 12) to base 10
17
Convert -21 (base 3) to base 16.
-7
Convert 34 (base 13) to base 10.
43
What is 76 (base 12) in base 13?
6c
9 (base 14) to base 4
21
What is -2023 (base 4) in base 3?
-12011
Convert 0 (base 11) to base 8.
0
Convert 106 (base 10) to base 7.
211
-11 (base 6) to base 9
-7
-304 (base 5) to base 9
-87
What is 1 (base 16) in base 14?
1
3 (base 8) to base 13
3
Convert -12 (base 4) to base 14.
-6
Convert 12 (base 8) to base 16.
a
1 (base 9) to base 13
1
What is -35 (base 10) in base 6?
-55
-3 (base 6) to base 12
-3
Convert 4 (base 12) to base 8.
4
-33 (base 5) to base 6
-30
-5e (base 15) to base 16
-59
-5 (base 11) to base 5
-10
242 (base 7) to base 2
10000000
1 (base 12) to base 8
1
What is a (base 13) in base 12?
a
Convert 65 (base 12) to base 7.
140
Convert 101 (base 4) to base 8.
21
What is -4 (base 8) in base 7?
-4
-7 (base 16) to base 2
-111
What is -3 (base 8) in base 3?
-10
What is 2 (base 6) in base 8?
2
Convert 11 (base 5) to base 11.
6
What is -8 (base 9) in base 10?
-8
What is d (base 14) in base 15?
d
What is -1 (base 10) in base 9?
-1
84 (base 10) to base 15
59
-12a (base 16) to base 11
-251
What is 14 (base 7) in base 15?
b
e (base 15) to base 8
16
What is 3 (base 13) in base 8?
3
-65 (base 14) to base 10
-89
What is -1 (base 11) in base 12?
-1
What is -1 (base 16) in base 11?
-1
-b (base 13) to base 12
-b
What is -14 (base 5) in base 11?
-9
-101 (base 2) to base 7
-5
Convert -6 (base 16) to base 6.
-10
0 (base 14) to base 10
0
What is 3 (base 15) in base 9?
3
What is -24 (base 11) in base 4?
-122
What is 1 (base 10) in base 5?
1
a4 (base 13) to base 11
112
Convert -2233 (base 5) to base 2.
-100111110
Convert -2 (base 4) to base 14.
-2
Convert 100 (base 11) to base 10.
121
51 (base 15) to base 7
136
1111111 (base 2) to base 5
1002
What is -4 (base 9) in base 3?
-11
45 (base 8) to base 4
211
What is -a4 (base 16) in base 13?
-c8
-101011 (base 2) to base 6
-111
-11 (base 5) to base 11
-6
Convert -10 (base 2) to base 15.
-2
-4 (base 15) to base 13
-4
Convert -3 (base 16) to base 6.
-3
What is 3 (base 16) in base 15?
3
-234 (base 5) to base 3
-2120
Convert 101010 (base 2) to base 9.
46
17 (base 8) to base 11
14
What is 2 (base 14) in base 2?
10
5 (base 9) to base 14
5
Convert 10 (base 10) to base 5.
20
What is -100110 (base 2) in base 13?
-2c
Convert 1 (base 6) to base 15.
1
-226 (base 7) to base 13
-91
Convert -1100 (base 4) to base 2.
-1010000
What is -a (base 15) in base 7?
-13
-1110 (base 3) to base 5
-124
What is -6 (base 10) in base 4?
-12
Convert -2110 (base 3) to base 2.
-1000010
Convert 0 (base 5) to base 13.
0
-172 (base 8) to base 4
-1322
Convert 10 (base 4) to base 15.
4
What is -13 (base 4) in base 11?
-7
Convert -1 (base 4) to base 3.
-1
1100001 (base 2) to base 6
241
-4 (base 5) to base 4
-10
-5 (base 16) to base 10
-5
1012 (base 5) to base 11
110
9 (base 16) to base 13
9
-b7 (base 15) to base 2
-10101100
-4b (base 15) to base 4
-1013
1130 (base 4) to base 15
62
Convert 1231 (base 4) to base 12.
91
What is 82 (base 14) in base 6?
310
Convert -10 (base 2) to base 6.
-2
Convert -1b (base 14) to base 5.
-100
Convert -2 (base 13) to base 11.
-2
Convert -3 (base 16) to base 2.
-11
Convert -1000010 (base 2) to base 12.
-56
53 (base 7) to base 14
2a
0 (base 14) to base 16
0
What is 118 (base 13) in base 8?
276
Convert 1 (base 16) to base 2.
1
Convert 27 (base 10) to base 12.
23
Convert -2 (base 15) to base 8.
-2
What is 2 (base 14) in base 10?
2
-12 (base 3) to base 15
-5
What is -11 (base 9) in base 3?
-101
17 (base 8) to base 10
15
What is -10 (base 4) in base 5?
-4
What is 10011 (base 2) in base 13?
16
What is -2 (base 14) in base 8?
-2
Convert 3 (base 6) to base 2.
11
4 (base 16) to base 8
4
43 (base 7) to base 16
1f
Convert -242 (base 5) to base 3.
-2200
What is -10a (base 16) in base 10?
-266
Convert 0 (base 8) to base 4.
0
Convert 142 (base 6) to base 14.
46
Wh